4?
2, 7, 11, 47, 293
List the prime factors of 15654193.
43, 73, 4987
List the prime factors of 145325.
5, 5813
What are the prime factors of 127789?
17, 7517
List the prime factors of 114242.
2, 239
What are the prime factors of 4665045?
3, 5, 7, 11, 577
List the prime factors of 2883689.
89, 32401
List the prime factors of 294036.
2, 3, 107, 229
List the prime factors of 9089814.
2, 3, 73, 20753
List the prime factors of 5242665.
3, 5, 181, 1931
What are the prime factors of 5557587?
3, 7, 31, 8537
List the prime factors of 29774008.
2, 11, 338341
List the prime factors of 3783589.
3783589
List the prime factors of 10708657.
17, 629921
List the prime factors of 239633.
239633
What are the prime factors of 238514?
2, 31, 3847
What are the prime factors of 9018159?
3, 29, 103657
What are the prime factors of 3283134?
2, 3, 67, 8167
What are the prime factors of 985919?
11, 47, 1907
List the prime factors of 6555266.
2, 19, 172507
What are the prime factors of 1362562?
2, 37, 18413
List the prime factors of 13549350.
2, 3, 5, 59, 1531
List the prime factors of 228703.
19, 12037
List the prime factors of 200516.
2, 50129
What are the prime factors of 1361151?
3, 11, 4583
List the prime factors of 19333558.
2, 9666779
List the prime factors of 17517094.
2, 7, 137, 9133
List the prime factors of 1566203.
29, 53, 1019
List the prime factors of 1794138.
2, 3, 23, 13001
What are the prime factors of 177229?
13, 13633
List the prime factors of 2672071.
23, 116177
What are the prime factors of 181223?
7, 25889
List the prime factors of 27365815.
5, 67, 81689
List the prime factors of 183594.
2, 3, 37, 827
What are the prime factors of 6064012?
2, 1109, 1367
List the prime factors of 15770333.
47, 335539
List the prime factors of 784.
2, 7
List the prime factors of 5420986.
2, 1601, 1693
What are the prime factors of 11368352?
2, 355261
List the prime factors of 3245445.
3, 5, 7, 10303
List the prime factors of 492962.
2, 31, 7951
List the prime factors of 595675.
5, 23827
List the prime factors of 260024.
2, 32503
What are the prime factors of 138409?
61, 2269
What are the prime factors of 103840?
2, 5, 11, 59
What are the prime factors of 773026?
2, 307, 1259
List the prime factors of 12351290.
2, 5, 7, 101, 1747
What are the prime factors of 123729?
3, 41243
List the prime factors of 21887071.
41, 533831
What are the prime factors of 2402324?
2, 43, 13967
What are the prime factors of 1457145?
3, 5, 32381
List the prime factors of 11346773.
11346773
List the prime factors of 1954306.
2, 41, 23833
What are the prime factors of 3863304?
2, 3, 53657
What are the prime factors of 8972148?
2, 3, 747679
What are the prime factors of 114009?
3, 7, 61, 89
What are the prime factors of 1246248?
2, 3, 19, 911
What are the prime factors of 5213176?
2, 651647
What are the prime factors of 4947826?
2, 13, 190301
List the prime factors of 103712.
2, 7, 463
List the prime factors of 632657.
59, 10723
List the prime factors of 2255691.
3, 83, 9059
What are the prime factors of 96324?
2, 3, 23, 349
List the prime factors of 170077.
53, 3209
What are the prime factors of 1023861?
3, 341287
What are the prime factors of 3118678?
2, 101, 15439
List the prime factors of 5273761.
251, 21011
List the prime factors of 659610.
2, 3, 5, 7, 349
List the prime factors of 1380547.
7, 197221
What are the prime factors of 42083?
42083
What are the prime factors of 5061233?
431, 11743
What are the prime factors of 2080848?
2, 3, 7, 11, 563
What are the prime factors of 797592?
2, 3, 167, 199
List the prime factors of 217312.
2, 6791
List the prime factors of 1270218.
2, 3, 269, 787
List the prime factors of 40125.
3, 5, 107
List the prime factors of 15688340.
2, 5, 107, 7331
List the prime factors of 966668.
2, 241667
What are the prime factors of 2774278?
2, 13, 106703
What are the prime factors of 126898?
2, 67, 947
What are the prime factors of 1733569?
1733569
What are the prime factors of 430273?
29, 37, 401
What are the prime factors of 1455385?
5, 291077
What are the prime factors of 668707?
13, 51439
List the prime factors of 686644.
2, 7, 137, 179
List the prime factors of 1996114.
2, 307, 3251
List the prime factors of 932631.
3, 7, 89, 499
List the prime factors of 1114109.
31, 83, 433
What are the prime factors of 6569620?
2, 5, 328481
What are the prime factors of 35956569?
3, 11, 19, 57347
What are the prime factors of 28010901?
3, 457, 20431
List the prime factors of 14679267.
3, 19, 23, 11197
List the prime factors of 1893359.
13, 145643
What are the prime factors of 2935714?
2, 47, 31231
List the prime factors of 276134.
2, 101, 1367
List the prime factors of 11899598.
2, 31, 191929
What are the prime factors of 561831?
3, 187277
List the prime factors of 1684569.
3, 179, 3137
List the prime factors of 1609737.
3, 19, 31, 911
What are the prime factors of 32697793?
113, 289361
List the prime factors of 8273304.
2, 3, 13, 8839
What are the prime factors of 283974?
2, 3, 19, 47, 53
What are the prime factors of 2951633?
1481, 1993
List the prime factors of 32035911.
3, 2609, 4093
What are the prime factors of 420075?
3, 5, 1867
What are the prime factors of 673536?
2, 3, 877
What are the prime factors of 1016567?
1016567
List the prime factors of 1076284.
2, 11, 61, 401
What are the prime factors of 20411373?
3, 17, 23, 17401
What are the prime factors of 69645?
3, 5, 4643
What are the prime factors of 4356694?
2, 103, 21149
List the prime factors of 1684039.
7, 113, 2129
List the prime factors of 144202.
2, 72101
List the prime factors of 7292879.
11, 409, 1621
What are the prime factors of 13824378?
2, 3, 67, 3821
What are the prime factors of 21865?
5, 4373
List the prime factors of 4148905.
5, 149, 5569
What are the prime factors of 24480118?
2, 13, 29, 32467
What are the prime factors of 1160168?
2, 145021
List the prime factors of 36785240.
2, 5, 919631
What are the prime factors of 692120?
2, 5, 11, 13
What are the prime factors of 272063?
11, 24733
List the prime factors of 105584.
2, 6599
List the prime factors of 897490.
2, 5, 11, 41, 199
List the prime factors of 18450485.
5, 23, 83, 1933
What are the prime factors of 184210?
2, 5, 13, 109
What are the prime factors of 321172?
2, 23, 3491
List the prime factors of 154470.
2, 3, 5, 19, 271
List the prime factors of 5107669.
7, 43, 71, 239
What are the prime factors of 95114?
2, 19, 2503
List the prime factors of 11652620.
2, 5, 7, 83233
What are the prime factors of 330777?
3, 12251
What are the prime factors of 10399501?
7, 53, 28031
What are the prime factors of 565616?
2, 23, 29, 53
What are the prime factors of 365497?
11, 149, 223
List the prime factors of 948718.
2, 474359
List the prime factors of 994925.
5, 17, 2341
What are the prime factors of 2500387?
137, 18251
What are the prime factors of 2830822?
2, 1415411
List the prime factors of 158897.
19, 8363
List the prime factors of 231768.
2, 3, 29, 37
List the prime factors of 579556.
2, 144889
List the prime factors of 23241.
3, 61, 127
List the prime factors of 262371.
3, 19, 4603
List the prime factors of 12273821.
7, 1753403
List the prime factors of 178710.
2, 3, 5, 7, 23, 37
What are the prime factors of 2356530?
2, 3, 5, 11, 37, 193
What are the prime factors of 6294022?
2, 7, 463, 971
List the prime factors of 70972.
2, 11, 1613
What are the prime factors of 737417?
353, 2089
What are the prime factors of 165998?
2, 7, 71, 167
What are the prime factors of 132304?
2, 8269
What are the prime factors of 6005374?
2, 59, 50893
What are the prime factors of 566801?
127, 4463
What are the prime factors of 1974773?
139, 14207
What are the prime factors of 7342979?
7, 151, 6947
What are the prime factors of 38877082?
2, 19438541
List the prime factors of 619647.
3, 7, 19, 1553
List the prime factors of 134384.
2, 37, 227
What are the prime factors of 228843?
3, 47, 541
List the prime factors of 272632.
2, 53, 643
What are the prime factors of 8310688?
2, 17, 15277
List the prime factors of 1422344.
2, 7, 11, 2309
What are the prime factors of 10832856?
2, 3, 41, 101, 109
List the prime factors of 2245259.
79, 97, 293
List the prime factors of 130889.
11, 73, 163
List the prime factors of 2213096.
2, 276637
List the prime factors of 241683.
3, 